{"id":26,"date":"2023-03-14T07:08:05","date_gmt":"2023-03-14T07:08:05","guid":{"rendered":"http:\/\/schachthaus-mittelbach.local\/?page_id=26"},"modified":"2023-03-24T14:17:29","modified_gmt":"2023-03-24T14:17:29","slug":"startseite","status":"publish","type":"page","link":"https:\/\/www.schachthausmittelbach.de\/","title":{"rendered":"Startseite"},"content":{"rendered":"\n<p>Um 1860 wurde das heute als Pension genutzte Schachthaus erbaut. Bis 1863 grub man ohne Erfolg nach Bodensch\u00e4tzen. Sp\u00e4ter wurde das denkmalgesch\u00fctzte Haus als Wohngeb\u00e4ude genutzt und ab 1993 &#8211; inzwischen vollkommen verfallen &#8211; als Pension wieder aufgebaut. Profitieren Sie von der guten Verkehrsanbindung zur A4 und A72 (5 Minuten), ins Stadtzentrum von Chemnitz (10 Minuten) und zum Sachsenring (10 Minuten). Unsere G\u00e4ste sch\u00e4tzen die famili\u00e4re Atmosph\u00e4re, die 12 hellen, liebevoll eingerichteten Zimmer und die ruhige Lage. Gern wird unsere gro\u00dfz\u00fcgige Au\u00dfenanlage zum Entspannen und Verweilen genutzt. Bei uns kann man sich zu jeder Jahreszeit wohlf\u00fchlen.<\/p>\n\n\n\n<hr class=\"wp-block-separator has-alpha-channel-opacity is-style-wide\"\/>\n\n\n\n<p class=\"has-medium-font-size\">Das bieten wir<\/p>\n\n\n\n<div class=\"wp-block-columns is-layout-flex wp-container-core-columns-is-layout-9d6595d7 wp-block-columns-is-layout-flex\">\n<div class=\"wp-block-column is-layout-flow wp-block-column-is-layout-flow\"><div style=\"border: 3px solid #999991; border-radius: 3%; background-color: inherit; \" class=\"ub-styled-box ub-bordered-box wp-block-ub-styled-box\" id=\"ub-styled-box-e9526564-ae4d-4332-9df7-22a04a93e0ff\">\n<p class=\"has-medium-font-size\" id=\"ub-styled-box-bordered-content-\"><strong>\u00dcbernachten<\/strong><\/p>\n\n\n\n<figure class=\"wp-block-image size-full\"><img loading=\"lazy\" decoding=\"async\" width=\"275\" height=\"275\" src=\"http:\/\/www.schachthausmittelbach.de\/wp-content\/uploads\/2023\/03\/uebernachten.jpg\" alt=\"\" class=\"wp-image-33\" srcset=\"https:\/\/www.schachthausmittelbach.de\/wp-content\/uploads\/2023\/03\/uebernachten.jpg 275w, https:\/\/www.schachthausmittelbach.de\/wp-content\/uploads\/2023\/03\/uebernachten-150x150.jpg 150w\" sizes=\"auto, (max-width: 275px) 100vw, 275px\" \/><\/figure>\n\n\n\n<p>\u00dcbernachten k\u00f6nnen Sie in einem der 12 individuell eingerichteten Zimmer. Ein reichhaltiges Fr\u00fchst\u00fccksbuffet bieten wir nach Absprache an.<\/p>\n\n\n<\/div><\/div>\n\n\n\n<div class=\"wp-block-column is-layout-flow wp-block-column-is-layout-flow\"><div style=\"border: 3px solid #999991; border-radius: 3%; background-color: inherit; \" class=\"ub-styled-box ub-bordered-box wp-block-ub-styled-box\" id=\"ub-styled-box-6d677f93-274f-40ac-8a4a-32fa13cc11a0\">\n<p class=\"has-medium-font-size\" id=\"ub-styled-box-bordered-content-\"><strong>Perfekte Lage<\/strong><\/p>\n\n\n\n<figure class=\"wp-block-image size-full\"><img loading=\"lazy\" decoding=\"async\" width=\"275\" height=\"275\" src=\"http:\/\/www.schachthausmittelbach.de\/wp-content\/uploads\/2023\/03\/Perfekte_Lage.jpg\" alt=\"\" class=\"wp-image-37\" srcset=\"https:\/\/www.schachthausmittelbach.de\/wp-content\/uploads\/2023\/03\/Perfekte_Lage.jpg 275w, https:\/\/www.schachthausmittelbach.de\/wp-content\/uploads\/2023\/03\/Perfekte_Lage-150x150.jpg 150w\" sizes=\"auto, (max-width: 275px) 100vw, 275px\" \/><\/figure>\n\n\n\n<p>Profitieren Sie von der guten Verkehrsanbindung zur A4 und A72 ins Stadtzentrum von Chemnitz und zum Sachsenring.<\/p>\n\n\n<\/div><\/div>\n\n\n\n<div class=\"wp-block-column is-layout-flow wp-block-column-is-layout-flow\"><div style=\"border: 3px solid #999991; border-radius: 3%; background-color: inherit; \" class=\"ub-styled-box ub-bordered-box wp-block-ub-styled-box\" id=\"ub-styled-box-3d1d0430-fa01-4fc0-92b5-be238bb4f7ec\">\n<p class=\"has-medium-font-size\" id=\"ub-styled-box-bordered-content-\"><strong>Festlichkeiten<\/strong><\/p>\n\n\n\n<figure class=\"wp-block-image size-full\"><img loading=\"lazy\" decoding=\"async\" width=\"275\" height=\"275\" src=\"http:\/\/www.schachthausmittelbach.de\/wp-content\/uploads\/2023\/03\/Festlichkeiten.jpg\" alt=\"\" class=\"wp-image-38\" srcset=\"https:\/\/www.schachthausmittelbach.de\/wp-content\/uploads\/2023\/03\/Festlichkeiten.jpg 275w, https:\/\/www.schachthausmittelbach.de\/wp-content\/uploads\/2023\/03\/Festlichkeiten-150x150.jpg 150w\" sizes=\"auto, (max-width: 275px) 100vw, 275px\" \/><\/figure>\n\n\n\n<p>Veranstalten Sie in unserem Kellergew\u00f6lbe Ihre ganz pers\u00f6nliche Party. \u00dcberraschen Sie Ihre G\u00e4ste mit individuell gestalteten R\u00e4umen.<\/p>\n\n\n<\/div><\/div>\n<\/div>\n\n\n\n<hr class=\"wp-block-separator has-alpha-channel-opacity is-style-wide\"\/>\n\n\n<div style=\"border: 3px outset #999991; border-radius: 5%; background-color: inherit; \" class=\"ub-styled-box ub-bordered-box wp-block-ub-styled-box\" id=\"ub-styled-box-49aab2e9-7269-4b20-ad26-284ca0a2f4f8\">\n<p class=\"has-text-align-left has-medium-font-size\" id=\"ub-styled-box-bordered-content-\">Terminvergabe und Besichtigung<\/p>\n\n\n\n<p class=\"has-text-align-left\">Montag 17:00 Uhr bis 17:45 Uhr nach Vereinbarung<\/p>\n\n\n<div style=\"gap: 20px;\" class=\"align-button-center ub-buttons orientation-button-row ub-flex-wrap wp-block-ub-button\" id=\"ub-button-f4185e9c-35dc-4429-bba2-977d60d556e9\"><div class=\"ub-button-container\">\n\t\t\t<a href=\"https:\/\/goo.gl\/maps\/4JDe4pmh26YChVGW7\" target=\"_blank\" rel=\"noopener noreferrer\" class=\"ub-button-block-main   ub-button-flex\" role=\"button\" style=\"--ub-button-background-color: #999991; --ub-button-color: #000000; --ub-button-border: none; --ub-button-hover-background-color: #313131; --ub-button-hover-color: #ffffff; --ub-button-hover-border: none; padding-top: 10px; padding-right: 10px; padding-bottom: 10px; padding-left: 10px; border-radius: 10px; \">\n\t\t\t\t<div class=\"ub-button-content-holder\" style=\"flex-direction: row\">\n\t\t\t\t\t<span class=\"ub-button-block-btn\">Zu Google Maps<\/span>\n\t\t\t\t<\/div>\n\t\t\t<\/a>\n\t\t<\/div><\/div>\n\n\n<figure class=\"wp-block-image size-large\"><img loading=\"lazy\" decoding=\"async\" width=\"1024\" height=\"701\" src=\"https:\/\/www.schachthausmittelbach.de\/wp-content\/uploads\/2023\/03\/lageplan-1024x701.png\" alt=\"\" class=\"wp-image-113\" srcset=\"https:\/\/www.schachthausmittelbach.de\/wp-content\/uploads\/2023\/03\/lageplan-1024x701.png 1024w, https:\/\/www.schachthausmittelbach.de\/wp-content\/uploads\/2023\/03\/lageplan-300x206.png 300w, https:\/\/www.schachthausmittelbach.de\/wp-content\/uploads\/2023\/03\/lageplan-768x526.png 768w, https:\/\/www.schachthausmittelbach.de\/wp-content\/uploads\/2023\/03\/lageplan.png 1035w\" sizes=\"auto, (max-width: 1024px) 100vw, 1024px\" \/><figcaption class=\"wp-element-caption\">Lageplan<\/figcaption><\/figure>\n\n\n<\/div>\n\n<div style=\"gap: 20px;\" class=\"align-button-center ub-buttons orientation-button-row ub-flex-wrap wp-block-ub-button\" id=\"ub-button-2694faf0-04db-411b-9dfa-2846bf22a857\"><div class=\"ub-button-container\">\n\t\t\t<a href=\"http:\/\/www.schachthausmittelbach.de\/?page_id=94\" target=\"_blank\" rel=\"noopener noreferrer\" class=\"ub-button-block-main   ub-button-flex\" role=\"button\" style=\"--ub-button-background-color: #999991; --ub-button-color: #000000; --ub-button-border: none; --ub-button-hover-background-color: #313131; --ub-button-hover-color: #ffffff; --ub-button-hover-border: none; padding-top: 10px; padding-right: 10px; padding-bottom: 10px; padding-left: 10px; border-radius: 10px; \">\n\t\t\t\t<div class=\"ub-button-content-holder\" style=\"flex-direction: row\">\n\t\t\t\t\t<span class=\"ub-button-block-btn\">Anfrage starten<\/span>\n\t\t\t\t<\/div>\n\t\t\t<\/a>\n\t\t<\/div><\/div>","protected":false},"excerpt":{"rendered":"<p>Um 1860 wurde das heute als Pension genutzte Schachthaus erbaut. Bis 1863 grub man ohne Erfolg nach Bodensch\u00e4tzen. Sp\u00e4ter wurde das denkmalgesch\u00fctzte Haus als Wohngeb\u00e4ude genutzt und ab 1993 &#8211; inzwischen vollkommen verfallen &#8211; als Pension wieder aufgebaut. Profitieren Sie von der guten Verkehrsanbindung zur A4 und A72 (5 Minuten), ins Stadtzentrum von Chemnitz (10 [&hellip;]<\/p>\n","protected":false},"author":1,"featured_media":0,"parent":0,"menu_order":0,"comment_status":"closed","ping_status":"closed","template":"","meta":{"footnotes":""},"class_list":["post-26","page","type-page","status-publish","hentry","post"],"featured_image_src":null,"_links":{"self":[{"href":"https:\/\/www.schachthausmittelbach.de\/index.php?rest_route=\/wp\/v2\/pages\/26","targetHints":{"allow":["GET"]}}],"collection":[{"href":"https:\/\/www.schachthausmittelbach.de\/index.php?rest_route=\/wp\/v2\/pages"}],"about":[{"href":"https:\/\/www.schachthausmittelbach.de\/index.php?rest_route=\/wp\/v2\/types\/page"}],"author":[{"embeddable":true,"href":"https:\/\/www.schachthausmittelbach.de\/index.php?rest_route=\/wp\/v2\/users\/1"}],"replies":[{"embeddable":true,"href":"https:\/\/www.schachthausmittelbach.de\/index.php?rest_route=%2Fwp%2Fv2%2Fcomments&post=26"}],"version-history":[{"count":29,"href":"https:\/\/www.schachthausmittelbach.de\/index.php?rest_route=\/wp\/v2\/pages\/26\/revisions"}],"predecessor-version":[{"id":115,"href":"https:\/\/www.schachthausmittelbach.de\/index.php?rest_route=\/wp\/v2\/pages\/26\/revisions\/115"}],"wp:attachment":[{"href":"https:\/\/www.schachthausmittelbach.de\/index.php?rest_route=%2Fwp%2Fv2%2Fmedia&parent=26"}],"curies":[{"name":"wp","href":"https:\/\/api.w.org\/{rel}","templated":true}]}}